t t be (k/(-12) - 14/12)*-2. Let j(f) = t*r(f) + 11*g(f). Determine j(4).
0
Let n(i) = -3*i - 2*i - 6 - i - i**2. Suppose 2*q + 5*o - 2 = 0, 2*o + 8 = 4*q + 4. Suppose -119*z - 18 = -114*z + 3*k, k = -q. What is n(z)?
3
Suppose 62 = -61*b + 30*b. Let v(w) = 7*w**2 - 15*w - 13. Let l(s) = -38*s**2 + 76*s + 66. Let d(m) = b*l(m) - 11*v(m). Determine d(14).
-3
Let h(f) = f**2 + 5*f - 5. Let i(d) = -d**2 - 10*d + 9. Let m be i(5). Let o = m - -70. Let r be (55/(-22))/(6/o)*3. Calculate h(r).
-5
Let s(c) = 4*c**2 + c + 2. Suppose -l - 3*y = -9, 5*y = -l - 15 + 28. Let g(t) = 10*t**2 + 5*t + 5. Let f(i) = l*g(i) - 8*s(i). Suppose 1 = v - 4. Give f(v).
-16
Let p = 19 - -33. Let y = 54 - p. Let t(m) = 4*m - m + y + 4*m - 6*m. Determine t(0).
2
Let f(o) = -o**2 + 7*o + 6. Let m = 902 + -897. Calculate f(m).
16
Let d be (42/(-18))/(-7)*6*27. Let o be 9/(d/12)*-2. Let b(a) = a**2 + 7*a + 5. Give b(o).
-7
Suppose -5*y = -13*p + 14*p + 78, y + 9 = 2*p. Let o(z) = -6*z - 58. What is o(y)?
32
Let t(m) = -3*m - 8. Let f be t(-6). Let x(z) = -2*z**2 + 13*z - 4. Let u(d) = 9*d**2 - 10*d**2 + 2 - 17*d + 19*d. Let k(p) = u(p) - x(p). What is k(f)?
-4
Let n(l) = -2*l - 14. Let c be (3 - -58)/(2 + (-20)/12). Suppose 181*b = c*b + 20. Determine n(b).
6
Suppose -2*t + 3*s + 3 = 0, -10*t + 3*s + 3 = -15*t. Let k(p) = -2*p**2 + 10. What is k(t)?
10
Let y(a) = -a**2 - 3*a - 6. Let d be -7*(-4 + (-136)/(-32) - 3/(-4)). Determine y(d).
-34
Let o(t) = t**3 + 15*t**2 - 14*t - 17. Let k(x) = x**3 + 13*x**2 - 12*x - 16. Let i(c) = 4*k(c) - 3*o(c). What is i(-8)?
-29
Let s = -236 + 331. Let q(b) = -99 - 19*b + 20*b + b**2 + s. Calculate q(-4).
8
Let f(b) be the first derivative of b**3/3 + 2*b**2 - 8*b + 2640. Suppose -4*h - 11 = 1, 5*s + 21 = 3*h. Give f(s).
4
Suppose 0 = 3*s + 12, -27 + 75 = 4*w - 5*s. Let m = w - 16. Let y(c) be the second derivative of c**4/12 + 5*c**3/3 + c**2 - 4930*c. Give y(m).
-7
Let q(k) = 23*k + 43. Let p = 6521 + -6523. Determine q(p).
-3
Let x(h) = -7*h + 1. Let m be x(-1). Let a(r) = m - 2*r - 3*r**2 - 20 + 6*r + 8. Let v(d) = -20*d - 77. Let w be v(-4). Calculate a(w).
-19
Let v = -10758 - -10746. Let k(l) = l**3 + 10*l**2 - 24*l + 7. Give k(v).
7
Let w = 2087 - 2077. Let f(i) = 7*i - 68. Determine f(w).
2
Let q(k) = -50*k + 0 + 17*k - 2 + 29*k + 49*k. Give q(2).
88
Let r(m) = -352*m + 17606. Let y be r(50). Let x(g) be the third derivative of g**5/60 - g**4/3 + g**3 - 2*g**2. What is x(y)?
-6
Let b(h) be the third derivative of h**5/60 + 11*h**4/12 + 7*h**3/3 - 2*h**2 - 155*h. Give b(-22).
14
Suppose 2 = 5*j + 22. Let p(d) = 94*d**2 - 349*d**2 + 80*d**2 - 8*d + 83*d**2 + 2 + 91*d**2. What is p(j)?
18
Let m(z) = 13*z**3 + 27*z**2 + 87*z - 43. Let f(s) = -3*s**3 - 7*s**2 - 20*s + 11. Let q(r) = 17*f(r) + 4*m(r). Determine q(10).
-5
Let d be -477 + (6 - 7) - 0. Let x = d + 475. Let o(g) = 3*g + 4. Calculate o(x).
-5
Suppose 294*v - 1255 + 792 - 1007 = 0. Let s(n) = 5*n**2 - 2*n - 3*n**2 + 0*n**2 - 5. What is s(v)?
35
Let r(g) = 16*g**3 + g**2 + 4*g - 5. Suppose -2*k + d + 3 = 0, 0 = -3*k - 22*d + 16*d - 3. Give r(k).
16
Let h(l) = l**3 + l**2 + l. Let u be h(0). Let v be (1 + u)*(0 - -4 - 6). Let y(g) = -2*g**2 - 4*g - 2. What is y(v)?
-2
Suppose 5*w = 4*w + 135. Let g(h) = -143 - 3*h - w + 280. Suppose -14 = -o - o. Calculate g(o).
-19
Let i be -3*1*(-16)/6. Let j(v) = -v**2 + 31*v - 26. Let q be j(30). Let c(g) = q*g**2 - 2*g**2 + 8*g + 4*g**2 - 7*g**2. What is c(i)?
0
Let u(o) = 270*o - 267*o + 88 - 85. What is u(6)?
21
Let y be ((5500/16)/(-11))/(1/(-8)). Let c = y - 248. Let s(n) = -n**2 + 2*n - 5. Calculate s(c).
-5
Let r(w) = -w + 31. Let h = -33307 + 33315. Determine r(h).
23
Let w(z) = -z**3 + 27*z**2 - 18*z - 71. Let x(k) = 10*k**3 - 271*k**2 + 178*k + 721. Let s(i) = 21*w(i) + 2*x(i). Determine s(24).
-1
Suppose 0 = 3*f - 2*a, a = -a + 6. Let x(z) = 18*z**2 + 14 - 4*z + 12*z**f + 0*z + 16*z**2 - 47*z**2. Calculate x(-7).
-7
Let m(h) = h**2 + 4*h. Let o = 35 + -20. Let z = 5945 + -5938. Suppose o = 5*f + z*d - 2*d, -4*d + 18 = f. Determine m(f).
-4
Let w(z) = -z + 5. Suppose 2*g - 87 = -3*p + 235, -5*p - 338 = -2*g. Let x = -155 + g. Give w(x).
-4
Let l(o) = -11*o**2 - 71*o - 24. Let b(w) = 6*w**2 + 36*w + 19. Let u(h) = 5*b(h) + 3*l(h). Calculate u(-12).
-13
Let x(w) = 4*w**2 + 54*w + 7. Let g(j) = 9*j**2 + 129*j + 14. Let y(l) = -3*g(l) + 7*x(l). Let s = -10 - -6. Let q be (9/6)/((-1)/s). Calculate y(q).
-11
Let c(w) = -w**3 + 6*w**2 + 2*w - 1. Let o = 302 - 567. Let a = o + 271. What is c(a)?
11
Suppose 117 = 66*h - 15. Let l(d) = 10*d**2 - d + 3. Calculate l(h).
41
Let b = 3 + -4. Let o(s) = 59*s + 19. Let a(w) = 20*w + 7. Let p = 412 + -408. Let l(q) = p*o(q) - 11*a(q). Give l(b).
-17
Let q(v) = v**2 - 6*v + 5. Let p be q(6). Let x(z) = z + 15. Let i(y) = -8. Let t(a) = p*i(a) + 3*x(a). Let l(b) = 73*b - 4. Let m be l(0). Calculate t(m).
-7
Let i(s) be the first derivative of 7*s**3/3 - 16*s**2 + 4*s + 3669. Calculate i(5).
19
Suppose -2*m - 18 = 3*x, -6 = 5*x + 3*m + 23. Let c(t) = 24*t - 73*t - t**3 - 3*t**2 + 6 + 29*t + 25*t. What is c(x)?
2
Let a(s) be the first derivative of s**3/3 + 11*s**2/2 - 36*s - 5314. What is a(-16)?
44
Let c = -490 - -494. Let a(u) = -c*u - 55 + 3*u + 0*u + 49. Calculate a(-4).
-2
Let k(u) = -u + 72. Let j(a) = -78*a - 296. Let x(g) = j(g) + 4*k(g). Give x(-2).
156
Suppose 11*d - 15*d + 17 = -5*v, -v + 4*d + 3 = 0. Let l(g) = -g**3 - 5*g**2 + 6*g + 9. What is l(v)?
-21
Let z(g) = -g**3 - 5*g**2 + 7*g + 6. Let l(v) = 6*v**3 - 2*v - 2. Suppose 74*h + 52 = 22*h. Let o be l(h). Determine z(o).
0
Let z(i) = 60*i**3 - 3*i**2 + 5*i - 5. Let v(t) = 30*t**3 - 2*t**2 + 3*t - 3. Let y(x) = -5*v(x) + 3*z(x). Let q be 2/((-5)/(-15)*6). Determine y(q).
31
Let h(j) be the first derivative of j**4/4 + 2*j**3/3 - 8*j**2 - 12*j + 1991. What is h(-5)?
-7
Suppose -19 = -4*t - 3. Let i(w) = -1181 + 601 + 580 + 3*w. What is i(t)?
12
Suppose -s = -3*m + 15 - 13, -4*m = -4*s + 8. Let d(a) = 3*a + 11*a + 6 - 5 + s - 4. Calculate d(-3).
-41
Suppose -4*x + 25 = 1. Suppose -12 = -3*j, -8*m - 4*j + 211 = -5*m. Let k(r) = -m*r - 4 + 32*r + 31*r. Calculate k(x).
-16
Let b(k) = -k. Let n be (1 - -3)*(19/(-4) + 5). Let m(l) = 2*l + 6. Let t(v) = n*m(v) + 3*b(v). Suppose s + 7 = 4*r - 1, -5*s + 2*r = -14. Determine t(s).
2
Let v(g) = g**2 + g + 1. Let p(z) = -3*z**2 + 2*z - 9. Let n(k) = -p(k) - 4*v(k). Suppose 944 = 7*i + 930. Suppose i = 25*x + 152. Give n(x).
5
Let f = 480 - 476. Let g(u) = -4*u**2 + 3 - 1 - f*u + 5*u**2 + 10*u. Calculate g(-7).
9
Let n(y) = 14*y - 310. Let r(a) = -26*a - 1. Let x(o) = n(o) + 3*r(o). What is x(-5)?
7
Let b(l) = -1 - 2 - 10*l**2 - 7*l**2 + 7 + 16*l**2 - 2*l. Give b(-6).
-20
Let i(h) = -20*h**3 + 3*h**2 - 34*h - 20. Suppose -243 = 14*c - 5. Let p(y) = -7*y**3 + y**2 - 12*y - 7. Let n(b) = c*p(b) + 6*i(b). Determine n(4).
-49
Let v(r) = r - 167. Let x(y) = -102. Let t(a) = 3*v(a) - 5*x(a). Let j(m) = -11*m + 18. Let w be j(2). Determine t(w).
-3
Let u(m) be the second derivative of -m**3/6 + 5*m**2/2 - 10*m. Let o = -35 - -52. Let g = 25 - o. Give u(g).
-3
Let q(f) = -4*f**2 + 3*f - 1. Let x(k) = 11*k**2 - 10*k. Let a(n) = 3*q(n) + x(n). What is a(0)?
-3
Let f(l) = -3*l**2 - 91*l - 6*l**2 - 3*l**3 - 9*l**3 - 29 + 13*l**3 + 105*l. What is f(7)?
-29
Let b(w) = 2*w**2 + 3*w. Suppose -7*f + 102 = -10. Let i be (-1)/((40/f)/5). Calculate b(i).
2
Suppose -12*m + 20 = -7*m. Let t(a) = 10*a - m + 16 - 12. Calculate t(-1).
-10
Let f be 2/(66/(-9)) - 352/484. Let j(y) = 2*y**3 - y**2 - 5*y - 3. Calculate j(f).
-1
Let c(b) = 12*b + 775. Let w be c(-65). Let g(h) = -2*h**2 - 5*h + 6. Give g(w).
-19
Let o(y) = y**2 - 8*y + 7. Let f(q) = 16*q - 2. Let p be f(4). Let u = p - 61. Suppose d = 4*c - 27, 0 = -c + 3*d - u + 16. What is o(c)?
-5
Let m = -314 - -308. Let g(y) = y**3 + 6*y**2 + 34*y + 204. Give g(m).
0
Suppose -20 = -i + 4*h, i + 2*i - 9 = -5*h. Let y = -5 - -7. Let j(x) = x**y - 3 - i - 3*x + 6. Determine j(5).
5
Let n be 2/(3/((-78)/4)). Let p(z) = z**3 + 13*z**2 + 4*z + 36. Calculate p(n).
-16
Let r(w) = -w - 4. Let c = 334 + -329. Let i(y) = -2*y - 9. Let d(q) = c*r(q) - 2*i(q). Give d(5).
-7
Let k be 210/(-49) - 4/(-14). Let b(a) be the first derivative of a**2/2 + 6*a - 305. What is b(k)?
2
Let l =